et q = -5279 - -12832. What is the thousands digit of q?
7
Suppose -24*f - 605604 + 718926 = -894702. What is the hundreds digit of f?
0
Let r(b) = 2*b**3 - 7*b**2 - 20*b + 10. Let o be r(-5). What is the tens digit of (4347/o)/(2/(-70))?
8
Let h(s) = s**2 + s - 14. Let c(k) = -31*k - 28. Let f be c(-5). Let q = -134 + f. What is the units digit of h(q)?
8
Suppose 2*c - 4*c + 264 = 0. Let l be (4/(-12))/(3/117). Let k = c - l. What is the units digit of k?
5
Let s(l) = 553*l + 65841. What is the tens digit of s(0)?
4
Suppose r = 5*j - 7220, -8*j + 13*j - 3*r = 7220. Suppose j = 97*w - 93*w. What is the units digit of w?
1
Let s = 74642 - 36356. What is the thousands digit of s?
8
Let d = -11 + 20. Suppose -3*x + d = 6*x. What is the tens digit of -21*x/(-1) + -2?
1
Suppose -110677 = -22*j + 470695. What is the ten thousands digit of j?
2
Suppose 0 = 24*i + 40858 + 13598. Let k = 3418 + i. What is the thousands digit of k?
1
What is the units digit of (7962 - (2 + 1)) + -13 + 13?
9
Suppose 45846 + 509 = 73*w. What is the hundreds digit of w?
6
Let i(n) = -4*n**2 + 3*n. Let h be i(3). Let x = 33 + h. Let z(j) = 2*j**2 + 2*j - 9. What is the tens digit of z(x)?
7
Let z(l) = -l**3 - l**2 + 4*l + 1968. Let j(p) = 58*p - 522. Let m be j(9). What is the tens digit of z(m)?
6
Suppose 0 = -754*z + 705*z. Let m = 0 + 0. What is the hundreds digit of z/(-1) - (59 + m)*-3?
1
Suppose -24*h + 65 = -11*h. Suppose -4022 = -h*k + 3*c, k + 2*c - 1302 = -495. What is the hundreds digit of k?
8
Let j be 148/(-185)*5*1. What is the tens digit of ((-1 - j) + -2 - 2) + 227?
2
Let t be (296/(-2) - -2) + 0. Let w = 2046 + -1836. Let z = w + t. What is the units digit of z?
4
Let b(j) = -32*j - 5 - j - 25*j. Let c(x) = 30*x + 28. Let n be c(-1). What is the hundreds digit of b(n)?
1
Let x = -49 + 56. Suppose -936 = -3*k + 3*l, 2*k + x*l - 3*l - 606 = 0. What is the units digit of k?
9
Let x = 2608 + 99. What is the tens digit of x?
0
Suppose 4*u = -5*h + 45973, 1412*u + 18380 = 2*h + 1409*u. What is the units digit of h?
3
Let q(y) = -4*y + 1281. What is the tens digit of q(57)?
5
Suppose -38*u - 96453 + 183882 + 144599 = 0. What is the tens digit of u?
0
Let f = 1068 - 350. What is the hundreds digit of f?
7
Suppose 0 = -n + 6*n + 6*n. What is the tens digit of (-129)/1*(32/(-12) - n)?
4
Let d(z) = 32*z**2 - 76*z - 2135. What is the tens digit of d(-48)?
4
Let a be (-4)/((-12)/(-9))*(6 - 9). Suppose -2*g = 3*p - 1758 - 231, -a = 3*p. What is the hundreds digit of g?
9
What is the tens digit of (-69)/(-23) + 75/(-21) - (-208258)/14?
7
Let q be (-19)/(-3) + 25/15 + -2. Suppose -q*r = -4*r - 8. What is the tens digit of r + -4 + 18 + -1?
1
Let s = -40 + 323. Suppose -2216 = -7*z + s. What is the units digit of z?
7
What is the tens digit of (-4)/14*(1464526/(-28) - -18)?
3
Suppose -6*n = -0*n - 9*n. Let i be (-3 - n) + 2 - -510. Let t = i + -234. What is the hundreds digit of t?
2
Let y = 448 + -98. Let c(l) = -l**2 - 1 + 2*l - 144*l**3 - 3 + 2 + y*l**3. What is the tens digit of c(1)?
0
Suppose 0 = -302*a + 106*a + 1356908. What is the tens digit of a?
2
Suppose -9 - 23 = -4*y. Let d(v) = -v**3 + 9*v**2 - 9*v + 13. Let c be d(y). Suppose 5 - 25 = c*x, x + 174 = 5*h. What is the units digit of h?
4
Let a be (-12)/(-10)*335/(-134). What is the units digit of (-3*(-212)/(-9))/(1/a)?
2
Suppose 3234459 + 246230 = 158*i - 3632313. What is the tens digit of i?
1
Let s be (-8)/(-12)*(-45)/6 - -9. Suppose 0*d + x = s*d - 1681, d = -3*x + 404. What is the hundreds digit of d?
4
Let d = -140 + 151. Let o = -7 + d. Suppose -2*y = 2*n - 328, o*y + 2*n + 0*n - 658 = 0. What is the hundreds digit of y?
1
Suppose 32*d - 45596 = 9*d + 78075. What is the hundreds digit of d?
3
Let t = -73 + 78. Suppose 2*c - t*c - 295 = -n, 0 = -3*c - 15. What is the units digit of n?
0
Suppose 0 = m - j - 4, -4 = -2*m + 3*j + 3. Suppose -m*t - 2*f - 179 = 0, -3*t = -5*f + 88 + 38. Let n = 74 + t. What is the units digit of n?
7
Let p(s) be the third derivative of s**5/60 - s**4/3 - s**3 + 16*s**2. Let k be p(8). What is the hundreds digit of (13 - -5)*(-40)/k?
1
Let x = -475 - -445. What is the units digit of (-12)/x + 17646/10?
5
Suppose -2 = 3*r - 17. Suppose -5*n + 2*h + 362 = 5*h, 3*n - 222 = 3*h. Suppose 3*g - n = -4*u + 11, -84 = -3*g - r*u. What is the units digit of g?
8
Suppose -3*l + 2*i = -92, -3*l - 85*i = -80*i - 106. Suppose -15*q + l*q = 6392. What is the units digit of q?
6
Let f = -137 - -281. What is the units digit of (-336)/(-2)*f/168?
4
Let t(p) = -2476*p + 1641. What is the tens digit of t(-12)?
5
Let z be (8/16)/(2/8). Suppose -5*u + 74 - 1236 = z*i, -5*u = -4*i + 1156. Let q = 408 + u. What is the units digit of q?
6
Let n(u) = u**2 + 38*u + 33. Let t be n(-37). What is the units digit of t/8 + (-6956)/(-8)?
9
Suppose -c + s + 42472 = -891, -10*s = -2*c + 86694. What is the tens digit of c?
6
What is the thousands digit of (2383605/75)/7*(6 + -1)?
2
Suppose -74*q + 67*q = -42. Suppose 3*b - w = 983, 0 = -2*b + q*b + 3*w - 1315. What is the hundreds digit of b?
3
Let r = -4 + 6. Let l(a) = 9*a - 290. Let s be l(37). Suppose -s - 84 = -5*t + r*p, 2*t = p + 51. What is the units digit of t?
5
Let n = -17 - -55. Suppose -i + 34 = n. Let h(u) = u**3 + 4*u**2 + 4. What is the units digit of h(i)?
4
Let f be (-1)/((-3)/(-576)*-3). Let h be f/(-36)*-57 + (-2)/6. Suppose 2*p - 125 = h. What is the hundreds digit of p?
1
Let w be (2/5)/((-1)/(-235)). Let n = 46 - 62. Let m = n + w. What is the tens digit of m?
7
Let s = 133 - 131. Suppose 0 = 4*o - o - 3*a - 831, -s*o = 3*a - 554. Let w = -189 + o. What is the units digit of w?
8
Suppose -450*y + 454*y + 20 = 0, -4*f + 52975 = y. What is the units digit of f?
5
Let t(x) = 5*x**2 - 76*x + 1441. What is the ten thousands digit of t(64)?
1
Let q(a) = -1623*a + 107. What is the tens digit of q(-12)?
8
Let k(v) = -1101*v**2 + 3*v + 4. Let t be k(-1). Let l = 1573 + t. What is the hundreds digit of l?
4
Let w(k) = k**3 - 11*k**2 + 13*k - 3. Let v be w(5). Suppose -33 = 2*g - 229. Let r = v + g. What is the tens digit of r?
1
Let m be (0 - -14)/(-11 + 16 - 4). Suppose -x - 3*x = -2*z + m, -4*z = x - 64. What is the tens digit of z?
1
Let s be (84/48)/(1/4 - 0). Suppose s*n = -4*n + 4477. What is the units digit of n?
7
What is the tens digit of (49/(-28))/((-3)/8376)?
8
Let u be 3/(-7) + (-472)/(-56). Let f be 511/9 + u/36. Suppose -v = 19 - f. What is the units digit of v?
8
Let v be -3 - (6/(-3) + 1). Let a be v*1 + 3/((-9)/(-84)). Let l = 46 + a. What is the units digit of l?
2
Suppose -4*r + 5*r = 4*r. Suppose 4*n - 30 = -2. Suppose u + n*u - 552 = r. What is the units digit of u?
9
Let p(o) be the second derivative of 2*o**4 + o**3/3 - 2*o**2 + 3*o. Let f = -819 - -822. What is the tens digit of p(f)?
1
Let q = -14 - 44. Let j = -51 - q. Suppose 3*k - j*k = -344. What is the units digit of k?
6
Suppose -3*a - 12 = 0, 38 = 3*r + 2*a - 8. What is the units digit of (-1100)/(-3) - r/(-54)?
7
Suppose -4*s - 4 = -16. Suppose -s*c = -5*q + 2 - 0, 0 = 4*c + 2*q - 6. Suppose c = t, 6 = -3*k - 2*t + 23. What is the units digit of k?
5
Let h = -18 - -33. Suppose 3*z - z + g - 55 = 0, -76 = -3*z + 5*g. Let v = z - h. What is the tens digit of v?
1
Suppose 2*r = 5*m - 4445, 0*r + 2*r - 1792 = -2*m. Suppose -4*h - 3*c + 712 = 0, -4*c = 5*h - 0*c - m. What is the tens digit of h?
7
Let h = -720 - -2670. What is the hundreds digit of h?
9
Suppose -5*z + 12590 = u, -20*u + 22*u = -z + 2509. What is the hundreds digit of z?
5
Let p = 233 + -163. Let r be ((-2)/10)/((-21)/1365). Let n = p - r. What is the units digit of n?
7
Suppose 18*l - 302666 - 406084 = -36*l. What is the ten thousands digit of l?
1
Let g = 0 + 2. Let h(u) = -2*u + 9*u + 16*u**2 - 8*u. What is the tens digit of h(g)?
6
Suppose -122 - 34 = 3*r. Let h = 54 + r. What is the hundreds digit of (-327)/(-2)*(16/6 - h)?
1
Let u(d) = 4*d**2 + 4*d + 6. Let l = -66 + 68. Suppose -3*a = n + 2*a + 11, -3*n = l*a - 6. What is the units digit of u(n)?
6
Let d(l) = 635*l - 50. Let s be d(-2). What is the tens digit of ((-60)/16)/(18/s)?
7
Let g be (178/(-5))/((-34)/30 - -1). What is the hundreds digit of g/(-6)*(-31 - -15)?
7
Suppose 0*f = 3*f. Suppose 13*k - 8*k + 10 = f. What is the tens digit of 